{"id":8916,"date":"2022-07-06T22:54:13","date_gmt":"2022-07-06T22:54:13","guid":{"rendered":"https:\/\/bodegaloscerrosdesanjuan.com\/?post_type=product&#038;p=8916"},"modified":"2025-09-02T14:52:13","modified_gmt":"2025-09-02T17:52:13","slug":"cuna-de-piedra-tempranillo","status":"publish","type":"product","link":"https:\/\/bodegaloscerrosdesanjuan.com\/pt\/produto\/cuna-de-piedra-tempranillo\/","title":{"rendered":"Cuna de Piedra Tempranillo"},"content":{"rendered":"<div data-elementor-type=\"wp-post\" data-elementor-id=\"8916\" class=\"elementor elementor-8916\">\n\t\t\t\t\t\t<section class=\"wd-negative-gap elementor-section elementor-top-section elementor-element elementor-element-1c7c7048 wd-section-stretch elementor-section-content-middle elementor-section-boxed elementor-section-height-default elementor-section-height-default\" data-id=\"1c7c7048\" data-element_type=\"section\" data-e-type=\"section\" data-settings=\"{&quot;background_background&quot;:&quot;classic&quot;}\">\n\t\t\t\t\t\t<div class=\"elementor-container elementor-column-gap-default\">\n\t\t\t\t\t<div class=\"elementor-column elementor-col-50 elementor-top-column elementor-element elementor-element-5dfd78ca text-center\" data-id=\"5dfd78ca\" data-element_type=\"column\" data-e-type=\"column\">\n\t\t\t<div class=\"elementor-widget-wrap elementor-element-populated\">\n\t\t\t\t\t\t<div class=\"elementor-element elementor-element-49682c4 wd-width-100 elementor-widget elementor-widget-wd_title\" data-id=\"49682c4\" data-element_type=\"widget\" data-e-type=\"widget\" data-widget_type=\"wd_title.default\">\n\t\t\t\t<div class=\"elementor-widget-container\">\n\t\t\t\t\t\t\t<div class=\"title-wrapper wd-set-mb reset-last-child wd-title-color-default wd-title-style-default wd-title-size-extra-large text-center\">\n\n\t\t\t\t\t\t\t\t\t\t\t<div class=\"title-subtitle subtitle-color-default subtitle-style-default wd-fontsize-m\">\n\t\t\t\t\tCUNA DE PIEDRA TEMPRANILLO 2019<br \/>\n\t\t\t\t<\/div>\n\t\t\t\n\t\t\t<div class=\"liner-continer\">\n\t\t\t\t<h4 class=\"woodmart-title-container title wd-fontsize-xxxl\">Vinifica\u00e7\u00e3o (Elabora\u00e7\u00e3o):<\/h4> \n\t\t\t\t\t\t\t<\/div>\n\n\t\t\t\t\t\t\t<div class=\"title-after_title reset-last-child wd-fontsize-s\">\n\t\t\t\t\t<p>Tradicional, colheita manual durante os primeiros dias de mar\u00e7o. Sele\u00e7\u00e3o de\ncachos, desengace, fermenta\u00e7\u00e3o em temperaturas que n\u00e3o excedem 25\u00b0C com\nleveduras selecionadas at\u00e9 atingir o m\u00ednimo de a\u00e7\u00facar residual. Em seguida, de\nforma natural, completamos a fermenta\u00e7\u00e3o malol\u00e1tica. 30% deste vinho estagia\npor 9 meses em barricas, gerando complexidade e longevidade. Procedemos \u00e0\ncria\u00e7\u00e3o do corte com 70% do vinho elaborado em tulipas de concreto e \u00e2nforas de\nCocciopesto. Estabiliza\u00e7\u00e3o, engarrafamento e 6 meses de matura\u00e7\u00e3o em garrafa.<\/p>\t\t\t\t<\/div>\n\t\t\t\t\t<\/div>\n\t\t\t\t\t\t<\/div>\n\t\t\t\t<\/div>\n\t\t\t\t<div class=\"elementor-element elementor-element-41d98579 wd-width-100 elementor-widget elementor-widget-wd_title\" data-id=\"41d98579\" data-element_type=\"widget\" data-e-type=\"widget\" data-widget_type=\"wd_title.default\">\n\t\t\t\t<div class=\"elementor-widget-container\">\n\t\t\t\t\t\t\t<div class=\"title-wrapper wd-set-mb reset-last-child wd-title-color-default wd-title-style-default wd-title-size-extra-large text-center\">\n\n\t\t\t\t\t\t\t\t\t\t\t<div class=\"title-subtitle subtitle-color-default subtitle-style-default wd-fontsize-m\">\n\t\t\t\t\t<br \/>\n\t\t\t\t<\/div>\n\t\t\t\n\t\t\t<div class=\"liner-continer\">\n\t\t\t\t<h4 class=\"woodmart-title-container title wd-fontsize-xxxl\">Sugest\u00f5es de Harmoniza\u00e7\u00e3o:<\/h4> \n\t\t\t\t\t\t\t<\/div>\n\n\t\t\t\t\t\t\t<div class=\"title-after_title reset-last-child wd-fontsize-s\">\n\t\t\t\t\t<p>Carne grelhada, cordeiro assado, queijos de cabra, Gruy\u00e8re, ensopados e\nguisados de inverno.<\/p>\t\t\t\t<\/div>\n\t\t\t\t\t<\/div>\n\t\t\t\t\t\t<\/div>\n\t\t\t\t<\/div>\n\t\t\t\t<div class=\"elementor-element elementor-element-7a11c4f6 wd-width-100 elementor-widget elementor-widget-wd_title\" data-id=\"7a11c4f6\" data-element_type=\"widget\" data-e-type=\"widget\" data-widget_type=\"wd_title.default\">\n\t\t\t\t<div class=\"elementor-widget-container\">\n\t\t\t\t\t\t\t<div class=\"title-wrapper wd-set-mb reset-last-child wd-title-color-default wd-title-style-default wd-title-size-extra-large text-center\">\n\n\t\t\t\t\t\t\t\t\t\t\t<div class=\"title-subtitle subtitle-color-default subtitle-style-default wd-fontsize-m\">\n\t\t\t\t\t<br \/>\n\t\t\t\t<\/div>\n\t\t\t\n\t\t\t<div class=\"liner-continer\">\n\t\t\t\t<h4 class=\"woodmart-title-container title wd-fontsize-xxxl\">Dados Anal\u00edticos:<\/h4> \n\t\t\t\t\t\t\t<\/div>\n\n\t\t\t\t\t\t\t<div class=\"title-after_title reset-last-child wd-fontsize-s\">\n\t\t\t\t\t<p>\u00c1lcool: 12,5%<br \/>pH: 3,9<\/p>\t\t\t\t<\/div>\n\t\t\t\t\t<\/div>\n\t\t\t\t\t\t<\/div>\n\t\t\t\t<\/div>\n\t\t\t\t\t<\/div>\n\t\t<\/div>\n\t\t\t\t<div class=\"elementor-column elementor-col-50 elementor-top-column elementor-element elementor-element-45174223\" data-id=\"45174223\" data-element_type=\"column\" data-e-type=\"column\">\n\t\t\t<div class=\"elementor-widget-wrap elementor-element-populated\">\n\t\t\t\t\t\t<div class=\"elementor-element elementor-element-3b65a724 elementor-widget elementor-widget-image\" data-id=\"3b65a724\" data-element_type=\"widget\" data-e-type=\"widget\" data-widget_type=\"image.default\">\n\t\t\t\t<div class=\"elementor-widget-container\">\n\t\t\t\t\t\t\t\t\t\t\t\t\t\t\t<img loading=\"lazy\" decoding=\"async\" width=\"450\" height=\"800\" src=\"https:\/\/bodegaloscerrosdesanjuan.com\/wp-content\/uploads\/2022\/07\/Cuna-de-Piedra-tempranillo.reserve-450x800.jpg\" class=\"attachment-large size-large wp-image-12666\" alt=\"\" srcset=\"https:\/\/bodegaloscerrosdesanjuan.com\/wp-content\/uploads\/2022\/07\/Cuna-de-Piedra-tempranillo.reserve-450x800.jpg 450w, https:\/\/bodegaloscerrosdesanjuan.com\/wp-content\/uploads\/2022\/07\/Cuna-de-Piedra-tempranillo.reserve-169x300.jpg 169w, https:\/\/bodegaloscerrosdesanjuan.com\/wp-content\/uploads\/2022\/07\/Cuna-de-Piedra-tempranillo.reserve-430x764.jpg 430w, https:\/\/bodegaloscerrosdesanjuan.com\/wp-content\/uploads\/2022\/07\/Cuna-de-Piedra-tempranillo.reserve-150x267.jpg 150w, https:\/\/bodegaloscerrosdesanjuan.com\/wp-content\/uploads\/2022\/07\/Cuna-de-Piedra-tempranillo.reserve.jpg 675w\" sizes=\"auto, (max-width: 450px) 100vw, 450px\" \/>\t\t\t\t\t\t\t\t\t\t\t\t\t\t\t<\/div>\n\t\t\t\t<\/div>\n\t\t\t\t\t<\/div>\n\t\t<\/div>\n\t\t\t\t\t<\/div>\n\t\t<\/section>\n\t\t\t\t<\/div>","protected":false},"excerpt":{"rendered":"<p>Entre os solos arenosos e argilosos de nossa Finca Los Cerros, nasce esta uva de\nmatura\u00e7\u00e3o precoce e grande perfil frutado.<br \/>\nCom cores vermelhas intensas, aromas frutados, acidez moderada, taninos\nsuaves e agrad\u00e1veis notas de carvalho.<\/p>","protected":false},"featured_media":12666,"template":"","meta":[],"product_brand":[],"product_cat":[21],"product_tag":[],"class_list":{"0":"post-8916","1":"product","2":"type-product","3":"status-publish","4":"has-post-thumbnail","6":"product_cat-tintos","7":"pa_brand-cuna-de-piedra-reserve","8":"pa_tipo-tinto","10":"first","11":"instock","12":"shipping-taxable","13":"product-type-simple"},"_links":{"self":[{"href":"https:\/\/bodegaloscerrosdesanjuan.com\/pt\/wp-json\/wp\/v2\/product\/8916","targetHints":{"allow":["GET"]}}],"collection":[{"href":"https:\/\/bodegaloscerrosdesanjuan.com\/pt\/wp-json\/wp\/v2\/product"}],"about":[{"href":"https:\/\/bodegaloscerrosdesanjuan.com\/pt\/wp-json\/wp\/v2\/types\/product"}],"version-history":[{"count":17,"href":"https:\/\/bodegaloscerrosdesanjuan.com\/pt\/wp-json\/wp\/v2\/product\/8916\/revisions"}],"predecessor-version":[{"id":12669,"href":"https:\/\/bodegaloscerrosdesanjuan.com\/pt\/wp-json\/wp\/v2\/product\/8916\/revisions\/12669"}],"wp:featuredmedia":[{"embeddable":true,"href":"https:\/\/bodegaloscerrosdesanjuan.com\/pt\/wp-json\/wp\/v2\/media\/12666"}],"wp:attachment":[{"href":"https:\/\/bodegaloscerrosdesanjuan.com\/pt\/wp-json\/wp\/v2\/media?parent=8916"}],"wp:term":[{"taxonomy":"product_brand","embeddable":true,"href":"https:\/\/bodegaloscerrosdesanjuan.com\/pt\/wp-json\/wp\/v2\/product_brand?post=8916"},{"taxonomy":"product_cat","embeddable":true,"href":"https:\/\/bodegaloscerrosdesanjuan.com\/pt\/wp-json\/wp\/v2\/product_cat?post=8916"},{"taxonomy":"product_tag","embeddable":true,"href":"https:\/\/bodegaloscerrosdesanjuan.com\/pt\/wp-json\/wp\/v2\/product_tag?post=8916"}],"curies":[{"name":"wp","href":"https:\/\/api.w.org\/{rel}","templated":true}]}}

<div data-elementor-type="wp-post" data-elementor-id="8916" class="elementor elementor-8916">
						<section class="wd-negative-gap elementor-section elementor-top-section elementor-element elementor-element-1c7c7048 wd-section-stretch elementor-section-content-middle elementor-section-boxed elementor-section-height-default elementor-section-height-default" data-id="1c7c7048" data-element_type="section" data-e-type="section" data-settings="{&quot;background_background&quot;:&quot;classic&quot;}">
						<div class="elementor-container elementor-column-gap-default">
					<div class="elementor-column elementor-col-50 elementor-top-column elementor-element elementor-element-5dfd78ca text-center" data-id="5dfd78ca" data-element_type="column" data-e-type="column">
			<div class="elementor-widget-wrap elementor-element-populated">
						<div class="elementor-element elementor-element-49682c4 wd-width-100 elementor-widget elementor-widget-wd_title" data-id="49682c4" data-element_type="widget" data-e-type="widget" data-widget_type="wd_title.default">
				<div class="elementor-widget-container">
							<div class="title-wrapper wd-set-mb reset-last-child wd-title-color-default wd-title-style-default wd-title-size-extra-large text-center">

											<div class="title-subtitle subtitle-color-default subtitle-style-default wd-fontsize-m">
					CUNA DE PIEDRA TEMPRANILLO 2019<br />
				</div>
			
			<div class="liner-continer">
				<h4 class="woodmart-title-container title wd-fontsize-xxxl">Vinificação (Elaboração):</h4> 
							</div>

							<div class="title-after_title reset-last-child wd-fontsize-s">
					<p>Tradicional, colheita manual durante os primeiros dias de março. Seleção de
cachos, desengace, fermentação em temperaturas que não excedem 25°C com
leveduras selecionadas até atingir o mínimo de açúcar residual. Em seguida, de
forma natural, completamos a fermentação malolática. 30% deste vinho estagia
por 9 meses em barricas, gerando complexidade e longevidade. Procedemos à
criação do corte com 70% do vinho elaborado em tulipas de concreto e ânforas de
Cocciopesto. Estabilização, engarrafamento e 6 meses de maturação em garrafa.</p>				</div>
					</div>
						</div>
				</div>
				<div class="elementor-element elementor-element-41d98579 wd-width-100 elementor-widget elementor-widget-wd_title" data-id="41d98579" data-element_type="widget" data-e-type="widget" data-widget_type="wd_title.default">
				<div class="elementor-widget-container">
							<div class="title-wrapper wd-set-mb reset-last-child wd-title-color-default wd-title-style-default wd-title-size-extra-large text-center">

											<div class="title-subtitle subtitle-color-default subtitle-style-default wd-fontsize-m">
					<br />
				</div>
			
			<div class="liner-continer">
				<h4 class="woodmart-title-container title wd-fontsize-xxxl">Sugestões de Harmonização:</h4> 
							</div>

							<div class="title-after_title reset-last-child wd-fontsize-s">
					<p>Carne grelhada, cordeiro assado, queijos de cabra, Gruyère, ensopados e
guisados de inverno.</p>				</div>
					</div>
						</div>
				</div>
				<div class="elementor-element elementor-element-7a11c4f6 wd-width-100 elementor-widget elementor-widget-wd_title" data-id="7a11c4f6" data-element_type="widget" data-e-type="widget" data-widget_type="wd_title.default">
				<div class="elementor-widget-container">
							<div class="title-wrapper wd-set-mb reset-last-child wd-title-color-default wd-title-style-default wd-title-size-extra-large text-center">

											<div class="title-subtitle subtitle-color-default subtitle-style-default wd-fontsize-m">
					<br />
				</div>
			
			<div class="liner-continer">
				<h4 class="woodmart-title-container title wd-fontsize-xxxl">Dados Analíticos:</h4> 
							</div>

							<div class="title-after_title reset-last-child wd-fontsize-s">
					<p>Álcool: 12,5%<br />pH: 3,9</p>				</div>
					</div>
						</div>
				</div>
					</div>
		</div>
				<div class="elementor-column elementor-col-50 elementor-top-column elementor-element elementor-element-45174223" data-id="45174223" data-element_type="column" data-e-type="column">
			<div class="elementor-widget-wrap elementor-element-populated">
						<div class="elementor-element elementor-element-3b65a724 elementor-widget elementor-widget-image" data-id="3b65a724" data-element_type="widget" data-e-type="widget" data-widget_type="image.default">
				<div class="elementor-widget-container">
															<img loading="lazy" decoding="async" width="450" height="800" src="https://bodegaloscerrosdesanjuan.com/wp-content/uploads/2022/07/Cuna-de-Piedra-tempranillo.reserve-450x800.jpg" class="attachment-large size-large wp-image-12666" alt="" srcset="https://bodegaloscerrosdesanjuan.com/wp-content/uploads/2022/07/Cuna-de-Piedra-tempranillo.reserve-450x800.jpg 450w, https://bodegaloscerrosdesanjuan.com/wp-content/uploads/2022/07/Cuna-de-Piedra-tempranillo.reserve-169x300.jpg 169w, https://bodegaloscerrosdesanjuan.com/wp-content/uploads/2022/07/Cuna-de-Piedra-tempranillo.reserve-430x764.jpg 430w, https://bodegaloscerrosdesanjuan.com/wp-content/uploads/2022/07/Cuna-de-Piedra-tempranillo.reserve-150x267.jpg 150w, https://bodegaloscerrosdesanjuan.com/wp-content/uploads/2022/07/Cuna-de-Piedra-tempranillo.reserve.jpg 675w" sizes="auto, (max-width: 450px) 100vw, 450px" />															</div>
				</div>
					</div>
		</div>
					</div>
		</section>
				</div>

<p>Entre os solos arenosos e argilosos de nossa Finca Los Cerros, nasce esta uva de
maturação precoce e grande perfil frutado.<br />
Com cores vermelhas intensas, aromas frutados, acidez moderada, taninos
suaves e agradáveis notas de carvalho.</p>
