{"id":8888,"date":"2022-07-06T22:33:25","date_gmt":"2022-07-06T22:33:25","guid":{"rendered":"https:\/\/bodegaloscerrosdesanjuan.com\/?post_type=product&#038;p=8888"},"modified":"2025-09-16T10:50:16","modified_gmt":"2025-09-16T13:50:16","slug":"maderos-cabernet-franc","status":"publish","type":"product","link":"https:\/\/bodegaloscerrosdesanjuan.com\/pt\/produto\/maderos-cabernet-franc\/","title":{"rendered":"Maderos Cabernet Franc"},"content":{"rendered":"<div data-elementor-type=\"wp-post\" data-elementor-id=\"8888\" class=\"elementor elementor-8888\">\n\t\t\t\t\t\t<section class=\"wd-negative-gap elementor-section elementor-top-section elementor-element elementor-element-4e9a9e81 wd-section-stretch elementor-section-content-middle elementor-section-boxed elementor-section-height-default elementor-section-height-default\" data-id=\"4e9a9e81\" data-element_type=\"section\" data-e-type=\"section\" data-settings=\"{&quot;background_background&quot;:&quot;classic&quot;}\">\n\t\t\t\t\t\t<div class=\"elementor-container elementor-column-gap-default\">\n\t\t\t\t\t<div class=\"elementor-column elementor-col-50 elementor-top-column elementor-element elementor-element-3dc27432 text-center\" data-id=\"3dc27432\" data-element_type=\"column\" data-e-type=\"column\">\n\t\t\t<div class=\"elementor-widget-wrap elementor-element-populated\">\n\t\t\t\t\t\t<div class=\"elementor-element elementor-element-420d007c wd-width-100 elementor-widget elementor-widget-wd_title\" data-id=\"420d007c\" data-element_type=\"widget\" data-e-type=\"widget\" data-widget_type=\"wd_title.default\">\n\t\t\t\t<div class=\"elementor-widget-container\">\n\t\t\t\t\t\t\t<div class=\"title-wrapper wd-set-mb reset-last-child wd-title-color-default wd-title-style-default wd-title-size-extra-large text-center\">\n\n\t\t\t\t\t\t\t\t\t\t\t<div class=\"title-subtitle subtitle-color-default subtitle-style-default wd-fontsize-m\">\n\t\t\t\t\tMADEROS CABERNET FRANC 2017<br \/>\n<br \/>\n\t\t\t\t<\/div>\n\t\t\t\n\t\t\t<div class=\"liner-continer\">\n\t\t\t\t<h4 class=\"woodmart-title-container title wd-fontsize-xxxl\">Vinifica\u00e7\u00e3o (Elabora\u00e7\u00e3o):<\/h4> \n\t\t\t\t\t\t\t<\/div>\n\n\t\t\t\t\t\t\t<div class=\"title-after_title reset-last-child wd-fontsize-s\">\n\t\t\t\t\t<p>Sele\u00e7\u00e3o de cachos, prensagem, resfriamento, encubagem e fermenta\u00e7\u00e3o em\ntulipas a temperaturas controladas com leveduras nativas de nossos vinhedos.<br \/>Finalizada a fermenta\u00e7\u00e3o alco\u00f3lica e antes da malol\u00e1tica, os vinhos descansam\nem barricas novas de carvalho franc\u00eas, onde controlamos a fermenta\u00e7\u00e3o\nmalol\u00e1tica natural e estagiam ali por 12 meses.<br \/>Ap\u00f3s este tempo, realiza-se o corte final, filtra-se muito suavemente, engarrafa-se\ne estagia em garrafa por mais 12 meses.<\/p>\t\t\t\t<\/div>\n\t\t\t\t\t<\/div>\n\t\t\t\t\t\t<\/div>\n\t\t\t\t<\/div>\n\t\t\t\t<div class=\"elementor-element elementor-element-332083ba wd-width-100 elementor-widget elementor-widget-wd_title\" data-id=\"332083ba\" data-element_type=\"widget\" data-e-type=\"widget\" data-widget_type=\"wd_title.default\">\n\t\t\t\t<div class=\"elementor-widget-container\">\n\t\t\t\t\t\t\t<div class=\"title-wrapper wd-set-mb reset-last-child wd-title-color-default wd-title-style-default wd-title-size-extra-large text-center\">\n\n\t\t\t\t\t\t\t\t\t\t\t<div class=\"title-subtitle subtitle-color-default subtitle-style-default wd-fontsize-m\">\n\t\t\t\t\t<br \/>\n\t\t\t\t<\/div>\n\t\t\t\n\t\t\t<div class=\"liner-continer\">\n\t\t\t\t<h4 class=\"woodmart-title-container title wd-fontsize-xxxl\">Sugest\u00f5es de Harmoniza\u00e7\u00e3o:<\/h4> \n\t\t\t\t\t\t\t<\/div>\n\n\t\t\t\t\t\t\t<div class=\"title-after_title reset-last-child wd-fontsize-s\">\n\t\t\t\t\t<p>Todos os tipos de carnes \u2014 assadas, no forno ou cozidas. Tamb\u00e9m \u00e9 um\nacompanhante ideal para queijos duros.<\/p>\t\t\t\t<\/div>\n\t\t\t\t\t<\/div>\n\t\t\t\t\t\t<\/div>\n\t\t\t\t<\/div>\n\t\t\t\t<div class=\"elementor-element elementor-element-211e87ac wd-width-100 elementor-widget elementor-widget-wd_title\" data-id=\"211e87ac\" data-element_type=\"widget\" data-e-type=\"widget\" data-widget_type=\"wd_title.default\">\n\t\t\t\t<div class=\"elementor-widget-container\">\n\t\t\t\t\t\t\t<div class=\"title-wrapper wd-set-mb reset-last-child wd-title-color-default wd-title-style-default wd-title-size-extra-large text-center\">\n\n\t\t\t\t\t\t\t\t\t\t\t<div class=\"title-subtitle subtitle-color-default subtitle-style-default wd-fontsize-m\">\n\t\t\t\t\t<br \/>\n\t\t\t\t<\/div>\n\t\t\t\n\t\t\t<div class=\"liner-continer\">\n\t\t\t\t<h4 class=\"woodmart-title-container title wd-fontsize-xxxl\">Dados Anal\u00edticos:<\/h4> \n\t\t\t\t\t\t\t<\/div>\n\n\t\t\t\t\t\t\t<div class=\"title-after_title reset-last-child wd-fontsize-s\">\n\t\t\t\t\t<p>\u00c1lcool: 13,2%<br \/>pH: 3.75<\/p>\t\t\t\t<\/div>\n\t\t\t\t\t<\/div>\n\t\t\t\t\t\t<\/div>\n\t\t\t\t<\/div>\n\t\t\t\t\t<\/div>\n\t\t<\/div>\n\t\t\t\t<div class=\"elementor-column elementor-col-50 elementor-top-column elementor-element elementor-element-fc29163\" data-id=\"fc29163\" data-element_type=\"column\" data-e-type=\"column\">\n\t\t\t<div class=\"elementor-widget-wrap elementor-element-populated\">\n\t\t\t\t\t\t<div class=\"elementor-element elementor-element-28397e33 elementor-widget elementor-widget-image\" data-id=\"28397e33\" data-element_type=\"widget\" data-e-type=\"widget\" data-widget_type=\"image.default\">\n\t\t\t\t<div class=\"elementor-widget-container\">\n\t\t\t\t\t\t\t\t\t\t\t\t\t\t\t<img loading=\"lazy\" decoding=\"async\" width=\"450\" height=\"800\" src=\"https:\/\/bodegaloscerrosdesanjuan.com\/wp-content\/uploads\/2022\/07\/Maderos-Cabernet-Franc-2017-450x800.jpg\" class=\"attachment-large size-large wp-image-8904\" alt=\"\" srcset=\"https:\/\/bodegaloscerrosdesanjuan.com\/wp-content\/uploads\/2022\/07\/Maderos-Cabernet-Franc-2017-450x800.jpg 450w, https:\/\/bodegaloscerrosdesanjuan.com\/wp-content\/uploads\/2022\/07\/Maderos-Cabernet-Franc-2017-430x764.jpg 430w, https:\/\/bodegaloscerrosdesanjuan.com\/wp-content\/uploads\/2022\/07\/Maderos-Cabernet-Franc-2017-150x267.jpg 150w, https:\/\/bodegaloscerrosdesanjuan.com\/wp-content\/uploads\/2022\/07\/Maderos-Cabernet-Franc-2017-169x300.jpg 169w, https:\/\/bodegaloscerrosdesanjuan.com\/wp-content\/uploads\/2022\/07\/Maderos-Cabernet-Franc-2017.jpg 675w\" sizes=\"auto, (max-width: 450px) 100vw, 450px\" \/>\t\t\t\t\t\t\t\t\t\t\t\t\t\t\t<\/div>\n\t\t\t\t<\/div>\n\t\t\t\t\t<\/div>\n\t\t<\/div>\n\t\t\t\t\t<\/div>\n\t\t<\/section>\n\t\t\t\t<\/div>","protected":false},"excerpt":{"rendered":"<p>Em nossa Finca Sacramento, realizamos trabalhos na vinha sempre em busca da\nexcel\u00eancia: poda, brota\u00e7\u00e3o, raleio de cachos e desfolha. Concebido e elaborado\nem nossas instala\u00e7\u00f5es que mostram o que h\u00e1 de mais moderno na ind\u00fastria junto\nao maior legado hist\u00f3rico da vitivinicultura uruguaia.<br \/>\nEsta variedade cativante, por muitos anos relegada pela fama do Cabernet\nSauvignon, come\u00e7a agora a explodir todo o seu potencial. Elaborado em tulipas\nitalianas que permitem a micro-oxigena\u00e7\u00e3o durante todo o processo de\nfermenta\u00e7\u00e3o e aceleram a matura\u00e7\u00e3o deste grande vinho.<br \/>\nCor vermelha intensa com tons viol\u00e1ceos. No nariz apresenta aromas de frutas\nvermelhas e especiarias como piment\u00e3o doce, eucalipto, cassis e a sutileza do\ncarvalho. Na boca apresenta taninos macios, sensa\u00e7\u00f5es de especiarias, \u00e9 frutado,\n\ncomplexado com a presen\u00e7a exata do carvalho, preenchendo a boca com\nsensa\u00e7\u00f5es agrad\u00e1veis. Um vinho diferente com grande potencial de guarda.<\/p>","protected":false},"featured_media":12734,"template":"","meta":[],"product_brand":[],"product_cat":[21],"product_tag":[],"class_list":{"0":"post-8888","1":"product","2":"type-product","3":"status-publish","4":"has-post-thumbnail","6":"product_cat-tintos","7":"pa_brand-maderos","8":"pa_tipo-tinto","10":"first","11":"instock","12":"shipping-taxable","13":"product-type-simple"},"_links":{"self":[{"href":"https:\/\/bodegaloscerrosdesanjuan.com\/pt\/wp-json\/wp\/v2\/product\/8888","targetHints":{"allow":["GET"]}}],"collection":[{"href":"https:\/\/bodegaloscerrosdesanjuan.com\/pt\/wp-json\/wp\/v2\/product"}],"about":[{"href":"https:\/\/bodegaloscerrosdesanjuan.com\/pt\/wp-json\/wp\/v2\/types\/product"}],"version-history":[{"count":15,"href":"https:\/\/bodegaloscerrosdesanjuan.com\/pt\/wp-json\/wp\/v2\/product\/8888\/revisions"}],"predecessor-version":[{"id":11841,"href":"https:\/\/bodegaloscerrosdesanjuan.com\/pt\/wp-json\/wp\/v2\/product\/8888\/revisions\/11841"}],"wp:featuredmedia":[{"embeddable":true,"href":"https:\/\/bodegaloscerrosdesanjuan.com\/pt\/wp-json\/wp\/v2\/media\/12734"}],"wp:attachment":[{"href":"https:\/\/bodegaloscerrosdesanjuan.com\/pt\/wp-json\/wp\/v2\/media?parent=8888"}],"wp:term":[{"taxonomy":"product_brand","embeddable":true,"href":"https:\/\/bodegaloscerrosdesanjuan.com\/pt\/wp-json\/wp\/v2\/product_brand?post=8888"},{"taxonomy":"product_cat","embeddable":true,"href":"https:\/\/bodegaloscerrosdesanjuan.com\/pt\/wp-json\/wp\/v2\/product_cat?post=8888"},{"taxonomy":"product_tag","embeddable":true,"href":"https:\/\/bodegaloscerrosdesanjuan.com\/pt\/wp-json\/wp\/v2\/product_tag?post=8888"}],"curies":[{"name":"wp","href":"https:\/\/api.w.org\/{rel}","templated":true}]}}

<div data-elementor-type="wp-post" data-elementor-id="8888" class="elementor elementor-8888">
						<section class="wd-negative-gap elementor-section elementor-top-section elementor-element elementor-element-4e9a9e81 wd-section-stretch elementor-section-content-middle elementor-section-boxed elementor-section-height-default elementor-section-height-default" data-id="4e9a9e81" data-element_type="section" data-e-type="section" data-settings="{&quot;background_background&quot;:&quot;classic&quot;}">
						<div class="elementor-container elementor-column-gap-default">
					<div class="elementor-column elementor-col-50 elementor-top-column elementor-element elementor-element-3dc27432 text-center" data-id="3dc27432" data-element_type="column" data-e-type="column">
			<div class="elementor-widget-wrap elementor-element-populated">
						<div class="elementor-element elementor-element-420d007c wd-width-100 elementor-widget elementor-widget-wd_title" data-id="420d007c" data-element_type="widget" data-e-type="widget" data-widget_type="wd_title.default">
				<div class="elementor-widget-container">
							<div class="title-wrapper wd-set-mb reset-last-child wd-title-color-default wd-title-style-default wd-title-size-extra-large text-center">

											<div class="title-subtitle subtitle-color-default subtitle-style-default wd-fontsize-m">
					MADEROS CABERNET FRANC 2017<br />
<br />
				</div>
			
			<div class="liner-continer">
				<h4 class="woodmart-title-container title wd-fontsize-xxxl">Vinificação (Elaboração):</h4> 
							</div>

							<div class="title-after_title reset-last-child wd-fontsize-s">
					<p>Seleção de cachos, prensagem, resfriamento, encubagem e fermentação em
tulipas a temperaturas controladas com leveduras nativas de nossos vinhedos.<br />Finalizada a fermentação alcoólica e antes da malolática, os vinhos descansam
em barricas novas de carvalho francês, onde controlamos a fermentação
malolática natural e estagiam ali por 12 meses.<br />Após este tempo, realiza-se o corte final, filtra-se muito suavemente, engarrafa-se
e estagia em garrafa por mais 12 meses.</p>				</div>
					</div>
						</div>
				</div>
				<div class="elementor-element elementor-element-332083ba wd-width-100 elementor-widget elementor-widget-wd_title" data-id="332083ba" data-element_type="widget" data-e-type="widget" data-widget_type="wd_title.default">
				<div class="elementor-widget-container">
							<div class="title-wrapper wd-set-mb reset-last-child wd-title-color-default wd-title-style-default wd-title-size-extra-large text-center">

											<div class="title-subtitle subtitle-color-default subtitle-style-default wd-fontsize-m">
					<br />
				</div>
			
			<div class="liner-continer">
				<h4 class="woodmart-title-container title wd-fontsize-xxxl">Sugestões de Harmonização:</h4> 
							</div>

							<div class="title-after_title reset-last-child wd-fontsize-s">
					<p>Todos os tipos de carnes — assadas, no forno ou cozidas. Também é um
acompanhante ideal para queijos duros.</p>				</div>
					</div>
						</div>
				</div>
				<div class="elementor-element elementor-element-211e87ac wd-width-100 elementor-widget elementor-widget-wd_title" data-id="211e87ac" data-element_type="widget" data-e-type="widget" data-widget_type="wd_title.default">
				<div class="elementor-widget-container">
							<div class="title-wrapper wd-set-mb reset-last-child wd-title-color-default wd-title-style-default wd-title-size-extra-large text-center">

											<div class="title-subtitle subtitle-color-default subtitle-style-default wd-fontsize-m">
					<br />
				</div>
			
			<div class="liner-continer">
				<h4 class="woodmart-title-container title wd-fontsize-xxxl">Dados Analíticos:</h4> 
							</div>

							<div class="title-after_title reset-last-child wd-fontsize-s">
					<p>Álcool: 13,2%<br />pH: 3.75</p>				</div>
					</div>
						</div>
				</div>
					</div>
		</div>
				<div class="elementor-column elementor-col-50 elementor-top-column elementor-element elementor-element-fc29163" data-id="fc29163" data-element_type="column" data-e-type="column">
			<div class="elementor-widget-wrap elementor-element-populated">
						<div class="elementor-element elementor-element-28397e33 elementor-widget elementor-widget-image" data-id="28397e33" data-element_type="widget" data-e-type="widget" data-widget_type="image.default">
				<div class="elementor-widget-container">
															<img loading="lazy" decoding="async" width="450" height="800" src="https://bodegaloscerrosdesanjuan.com/wp-content/uploads/2022/07/Maderos-Cabernet-Franc-2017-450x800.jpg" class="attachment-large size-large wp-image-8904" alt="" srcset="https://bodegaloscerrosdesanjuan.com/wp-content/uploads/2022/07/Maderos-Cabernet-Franc-2017-450x800.jpg 450w, https://bodegaloscerrosdesanjuan.com/wp-content/uploads/2022/07/Maderos-Cabernet-Franc-2017-430x764.jpg 430w, https://bodegaloscerrosdesanjuan.com/wp-content/uploads/2022/07/Maderos-Cabernet-Franc-2017-150x267.jpg 150w, https://bodegaloscerrosdesanjuan.com/wp-content/uploads/2022/07/Maderos-Cabernet-Franc-2017-169x300.jpg 169w, https://bodegaloscerrosdesanjuan.com/wp-content/uploads/2022/07/Maderos-Cabernet-Franc-2017.jpg 675w" sizes="auto, (max-width: 450px) 100vw, 450px" />															</div>
				</div>
					</div>
		</div>
					</div>
		</section>
				</div>

<p>Em nossa Finca Sacramento, realizamos trabalhos na vinha sempre em busca da
excelência: poda, brotação, raleio de cachos e desfolha. Concebido e elaborado
em nossas instalações que mostram o que há de mais moderno na indústria junto
ao maior legado histórico da vitivinicultura uruguaia.<br />
Esta variedade cativante, por muitos anos relegada pela fama do Cabernet
Sauvignon, começa agora a explodir todo o seu potencial. Elaborado em tulipas
italianas que permitem a micro-oxigenação durante todo o processo de
fermentação e aceleram a maturação deste grande vinho.<br />
Cor vermelha intensa com tons violáceos. No nariz apresenta aromas de frutas
vermelhas e especiarias como pimentão doce, eucalipto, cassis e a sutileza do
carvalho. Na boca apresenta taninos macios, sensações de especiarias, é frutado,

complexado com a presença exata do carvalho, preenchendo a boca com
sensações agradáveis. Um vinho diferente com grande potencial de guarda.</p>
